{"id":479,"date":"2024-09-21T10:18:32","date_gmt":"2024-09-21T08:18:32","guid":{"rendered":"https:\/\/lesarcanesdelattelage.fr\/?page_id=479"},"modified":"2024-09-22T10:30:44","modified_gmt":"2024-09-22T08:30:44","slug":"championnat-regional-doccitanie","status":"publish","type":"page","link":"https:\/\/lesarcanesdelattelage.fr\/index.php\/championnat-regional-doccitanie\/","title":{"rendered":"Championnat R\u00e9gional d&rsquo;Occitanie \u00e0 Cantoin ao\u00fbt 2024"},"content":{"rendered":"\n<p class=\"has-text-align-center\"><strong>Cantouin en Aveyron 3 et 4 ao\u00fbt 2024<\/strong><\/p>\n\n\n\n<figure class=\"wp-block-image size-large\"><img loading=\"lazy\" decoding=\"async\" width=\"1024\" height=\"768\" src=\"https:\/\/lesarcanesdelattelage.fr\/wp-content\/uploads\/2024\/09\/20240804_130442-1024x768.jpg\" alt=\"\" class=\"wp-image-510\" srcset=\"https:\/\/lesarcanesdelattelage.fr\/wp-content\/uploads\/2024\/09\/20240804_130442-1024x768.jpg 1024w, https:\/\/lesarcanesdelattelage.fr\/wp-content\/uploads\/2024\/09\/20240804_130442-300x225.jpg 300w, https:\/\/lesarcanesdelattelage.fr\/wp-content\/uploads\/2024\/09\/20240804_130442-768x576.jpg 768w, https:\/\/lesarcanesdelattelage.fr\/wp-content\/uploads\/2024\/09\/20240804_130442-1536x1152.jpg 1536w, https:\/\/lesarcanesdelattelage.fr\/wp-content\/uploads\/2024\/09\/20240804_130442-2048x1536.jpg 2048w, https:\/\/lesarcanesdelattelage.fr\/wp-content\/uploads\/2024\/09\/20240804_130442-1140x855.jpg 1140w\" sizes=\"auto, (max-width: 1024px) 100vw, 1024px\" \/><\/figure>\n\n\n\n<p class=\"has-text-align-center\"><em>Un concours R\u00e9gional d&rsquo;endurance organis\u00e9 par Pascale et Nicolas Perrain. Accueil, convivialit\u00e9, un excellent moment qui gomme les kilom\u00e8tres.<\/em><\/p>\n\n\n\n<figure class=\"wp-block-embed is-type-video is-provider-youtube wp-block-embed-youtube wp-embed-aspect-16-9 wp-has-aspect-ratio\"><div class=\"wp-block-embed__wrapper\">\n<iframe loading=\"lazy\" title=\"cantoin241\" width=\"960\" height=\"540\" src=\"https:\/\/www.youtube.com\/embed\/F5gUylTkO8k?feature=oembed\" frameborder=\"0\" allow=\"accelerometer; autoplay; clipboard-write; encrypted-media; gyroscope; picture-in-picture; web-share\" referrerpolicy=\"strict-origin-when-cross-origin\" allowfullscreen><\/iframe>\n<\/div><\/figure>\n\n\n\n<p class=\"has-text-align-center\"><em>Championnat r\u00e9gional en paire avec Achille et Boy sur les beaux plateaux de l&rsquo;Aubrac.<\/em><\/p>\n\n\n\n<p><\/p>\n","protected":false},"excerpt":{"rendered":"<p>Cantouin en Aveyron 3 et 4 ao\u00fbt 2024 Un concours R\u00e9gional d&rsquo;endurance organis\u00e9 par Pascale et Nicolas Perrain. Accueil, convivialit\u00e9, un excellent moment qui gomme les kilom\u00e8tres. Championnat r\u00e9gional en paire avec Achille et Boy sur les beaux plateaux de l&rsquo;Aubrac.<\/p>\n","protected":false},"author":1,"featured_media":0,"parent":0,"menu_order":0,"comment_status":"closed","ping_status":"closed","template":"","meta":{"footnotes":""},"class_list":["post-479","page","type-page","status-publish","hentry"],"_links":{"self":[{"href":"https:\/\/lesarcanesdelattelage.fr\/index.php\/wp-json\/wp\/v2\/pages\/479","targetHints":{"allow":["GET"]}}],"collection":[{"href":"https:\/\/lesarcanesdelattelage.fr\/index.php\/wp-json\/wp\/v2\/pages"}],"about":[{"href":"https:\/\/lesarcanesdelattelage.fr\/index.php\/wp-json\/wp\/v2\/types\/page"}],"author":[{"embeddable":true,"href":"https:\/\/lesarcanesdelattelage.fr\/index.php\/wp-json\/wp\/v2\/users\/1"}],"replies":[{"embeddable":true,"href":"https:\/\/lesarcanesdelattelage.fr\/index.php\/wp-json\/wp\/v2\/comments?post=479"}],"version-history":[{"count":6,"href":"https:\/\/lesarcanesdelattelage.fr\/index.php\/wp-json\/wp\/v2\/pages\/479\/revisions"}],"predecessor-version":[{"id":514,"href":"https:\/\/lesarcanesdelattelage.fr\/index.php\/wp-json\/wp\/v2\/pages\/479\/revisions\/514"}],"wp:attachment":[{"href":"https:\/\/lesarcanesdelattelage.fr\/index.php\/wp-json\/wp\/v2\/media?parent=479"}],"curies":[{"name":"wp","href":"https:\/\/api.w.org\/{rel}","templated":true}]}}