{"id":464,"date":"2024-05-30T18:37:33","date_gmt":"2024-05-30T16:37:33","guid":{"rendered":"https:\/\/lesarcanesdelattelage.fr\/?page_id=464"},"modified":"2024-05-31T07:57:31","modified_gmt":"2024-05-31T05:57:31","slug":"endurance-a-la-tour-12700-causse-et-diege","status":"publish","type":"page","link":"https:\/\/lesarcanesdelattelage.fr\/index.php\/endurance-a-la-tour-12700-causse-et-diege\/","title":{"rendered":"Endurance \u00e0 La Tour 12700 Causse et Di\u00e8ge"},"content":{"rendered":"\n<p class=\"has-vivid-cyan-blue-color has-text-color has-link-color wp-elements-4719e9d24c1fb42148d8544914fd469e\" style=\"font-style:normal;font-weight:500\">Endurance Club Trait Team Elite des 18 et 19 mai.<\/p>\n\n\n\n<figure class=\"wp-block-image size-full\"><img loading=\"lazy\" decoding=\"async\" width=\"927\" height=\"875\" src=\"https:\/\/lesarcanesdelattelage.fr\/wp-content\/uploads\/2024\/05\/parcours-la-tour.png\" alt=\"\" class=\"wp-image-465\" srcset=\"https:\/\/lesarcanesdelattelage.fr\/wp-content\/uploads\/2024\/05\/parcours-la-tour.png 927w, https:\/\/lesarcanesdelattelage.fr\/wp-content\/uploads\/2024\/05\/parcours-la-tour-300x283.png 300w, https:\/\/lesarcanesdelattelage.fr\/wp-content\/uploads\/2024\/05\/parcours-la-tour-768x725.png 768w\" sizes=\"auto, (max-width: 927px) 100vw, 927px\" \/><\/figure>\n\n\n\n<p>Parcours de 20,8 km. Peu de d\u00e9nivel\u00e9 et de tr\u00e8s bons chemins tout au long du parcours.<\/p>\n\n\n\n<figure class=\"wp-block-image size-large\"><img loading=\"lazy\" decoding=\"async\" width=\"1024\" height=\"768\" src=\"https:\/\/lesarcanesdelattelage.fr\/wp-content\/uploads\/2024\/05\/IMG-20240522-WA0010-1024x768.jpg\" alt=\"\" class=\"wp-image-466\" srcset=\"https:\/\/lesarcanesdelattelage.fr\/wp-content\/uploads\/2024\/05\/IMG-20240522-WA0010-1024x768.jpg 1024w, https:\/\/lesarcanesdelattelage.fr\/wp-content\/uploads\/2024\/05\/IMG-20240522-WA0010-300x225.jpg 300w, https:\/\/lesarcanesdelattelage.fr\/wp-content\/uploads\/2024\/05\/IMG-20240522-WA0010-768x576.jpg 768w, https:\/\/lesarcanesdelattelage.fr\/wp-content\/uploads\/2024\/05\/IMG-20240522-WA0010-1536x1152.jpg 1536w, https:\/\/lesarcanesdelattelage.fr\/wp-content\/uploads\/2024\/05\/IMG-20240522-WA0010-1140x855.jpg 1140w, https:\/\/lesarcanesdelattelage.fr\/wp-content\/uploads\/2024\/05\/IMG-20240522-WA0010.jpg 1600w\" sizes=\"auto, (max-width: 1024px) 100vw, 1024px\" \/><\/figure>\n\n\n\n<figure class=\"wp-block-image size-large\"><img loading=\"lazy\" decoding=\"async\" width=\"768\" height=\"1024\" src=\"https:\/\/lesarcanesdelattelage.fr\/wp-content\/uploads\/2024\/05\/IMG-20240522-WA0007-768x1024.jpg\" alt=\"\" class=\"wp-image-467\" srcset=\"https:\/\/lesarcanesdelattelage.fr\/wp-content\/uploads\/2024\/05\/IMG-20240522-WA0007-768x1024.jpg 768w, https:\/\/lesarcanesdelattelage.fr\/wp-content\/uploads\/2024\/05\/IMG-20240522-WA0007-225x300.jpg 225w, https:\/\/lesarcanesdelattelage.fr\/wp-content\/uploads\/2024\/05\/IMG-20240522-WA0007-1152x1536.jpg 1152w, https:\/\/lesarcanesdelattelage.fr\/wp-content\/uploads\/2024\/05\/IMG-20240522-WA0007-1140x1520.jpg 1140w, https:\/\/lesarcanesdelattelage.fr\/wp-content\/uploads\/2024\/05\/IMG-20240522-WA0007.jpg 1200w\" sizes=\"auto, (max-width: 768px) 100vw, 768px\" \/><\/figure>\n\n\n\n<figure class=\"wp-block-image size-large\"><img loading=\"lazy\" decoding=\"async\" width=\"768\" height=\"1024\" src=\"https:\/\/lesarcanesdelattelage.fr\/wp-content\/uploads\/2024\/05\/IMG-20240522-WA0008-768x1024.jpg\" alt=\"\" class=\"wp-image-468\" srcset=\"https:\/\/lesarcanesdelattelage.fr\/wp-content\/uploads\/2024\/05\/IMG-20240522-WA0008-768x1024.jpg 768w, https:\/\/lesarcanesdelattelage.fr\/wp-content\/uploads\/2024\/05\/IMG-20240522-WA0008-225x300.jpg 225w, https:\/\/lesarcanesdelattelage.fr\/wp-content\/uploads\/2024\/05\/IMG-20240522-WA0008-1152x1536.jpg 1152w, https:\/\/lesarcanesdelattelage.fr\/wp-content\/uploads\/2024\/05\/IMG-20240522-WA0008-1140x1520.jpg 1140w, https:\/\/lesarcanesdelattelage.fr\/wp-content\/uploads\/2024\/05\/IMG-20240522-WA0008.jpg 1200w\" sizes=\"auto, (max-width: 768px) 100vw, 768px\" \/><\/figure>\n\n\n\n<figure class=\"wp-block-image size-large\"><img loading=\"lazy\" decoding=\"async\" width=\"1024\" height=\"768\" src=\"https:\/\/lesarcanesdelattelage.fr\/wp-content\/uploads\/2024\/05\/IMG-20240522-WA0004-1024x768.jpg\" alt=\"\" class=\"wp-image-469\" srcset=\"https:\/\/lesarcanesdelattelage.fr\/wp-content\/uploads\/2024\/05\/IMG-20240522-WA0004-1024x768.jpg 1024w, https:\/\/lesarcanesdelattelage.fr\/wp-content\/uploads\/2024\/05\/IMG-20240522-WA0004-300x225.jpg 300w, https:\/\/lesarcanesdelattelage.fr\/wp-content\/uploads\/2024\/05\/IMG-20240522-WA0004-768x576.jpg 768w, https:\/\/lesarcanesdelattelage.fr\/wp-content\/uploads\/2024\/05\/IMG-20240522-WA0004-1536x1152.jpg 1536w, https:\/\/lesarcanesdelattelage.fr\/wp-content\/uploads\/2024\/05\/IMG-20240522-WA0004-1140x855.jpg 1140w, https:\/\/lesarcanesdelattelage.fr\/wp-content\/uploads\/2024\/05\/IMG-20240522-WA0004.jpg 1600w\" sizes=\"auto, (max-width: 1024px) 100vw, 1024px\" \/><\/figure>\n\n\n\n<figure class=\"wp-block-image size-large\"><img loading=\"lazy\" decoding=\"async\" width=\"1024\" height=\"768\" src=\"https:\/\/lesarcanesdelattelage.fr\/wp-content\/uploads\/2024\/05\/La-Tour-18-19-mai-1024x768.jpg\" alt=\"\" class=\"wp-image-470\" srcset=\"https:\/\/lesarcanesdelattelage.fr\/wp-content\/uploads\/2024\/05\/La-Tour-18-19-mai-1024x768.jpg 1024w, https:\/\/lesarcanesdelattelage.fr\/wp-content\/uploads\/2024\/05\/La-Tour-18-19-mai-300x225.jpg 300w, https:\/\/lesarcanesdelattelage.fr\/wp-content\/uploads\/2024\/05\/La-Tour-18-19-mai-768x576.jpg 768w, https:\/\/lesarcanesdelattelage.fr\/wp-content\/uploads\/2024\/05\/La-Tour-18-19-mai-1536x1152.jpg 1536w, https:\/\/lesarcanesdelattelage.fr\/wp-content\/uploads\/2024\/05\/La-Tour-18-19-mai-1140x855.jpg 1140w, https:\/\/lesarcanesdelattelage.fr\/wp-content\/uploads\/2024\/05\/La-Tour-18-19-mai.jpg 1600w\" sizes=\"auto, (max-width: 1024px) 100vw, 1024px\" \/><\/figure>\n\n\n\n<p class=\"has-vivid-cyan-blue-color has-text-color has-link-color wp-elements-17d647d16ac9734a21f845084baec369\">Merci et f\u00e9licitations aux organisateurs Michel, Jean Pierre, Jean Claude, Nicolas&#8230;  ainsi qu&rsquo;\u00e0 Pierrette pour son d\u00e9vouement qui nous a accueilli avec beaucoup de gentillesse.<\/p>\n\n\n\n<figure class=\"wp-block-embed is-type-video is-provider-youtube wp-block-embed-youtube wp-embed-aspect-16-9 wp-has-aspect-ratio\"><div class=\"wp-block-embed__wrapper\">\n<iframe loading=\"lazy\" title=\"La Tour 1819mai\" width=\"960\" height=\"540\" src=\"https:\/\/www.youtube.com\/embed\/GjRDmvp5i5o?feature=oembed\" frameborder=\"0\" allow=\"accelerometer; autoplay; clipboard-write; encrypted-media; gyroscope; picture-in-picture; web-share\" referrerpolicy=\"strict-origin-when-cross-origin\" allowfullscreen><\/iframe>\n<\/div><\/figure>\n","protected":false},"excerpt":{"rendered":"<p>Endurance Club Trait Team Elite des 18 et 19 mai. Parcours de 20,8 km. Peu de d\u00e9nivel\u00e9 et de tr\u00e8s bons chemins tout au long du parcours. Merci et f\u00e9licitations aux organisateurs Michel, Jean Pierre, Jean Claude, Nicolas&#8230; ainsi qu&rsquo;\u00e0 Pierrette pour son d\u00e9vouement qui nous a accueilli avec beaucoup de gentillesse.<\/p>\n","protected":false},"author":1,"featured_media":0,"parent":0,"menu_order":0,"comment_status":"closed","ping_status":"closed","template":"","meta":{"footnotes":""},"class_list":["post-464","page","type-page","status-publish","hentry"],"_links":{"self":[{"href":"https:\/\/lesarcanesdelattelage.fr\/index.php\/wp-json\/wp\/v2\/pages\/464","targetHints":{"allow":["GET"]}}],"collection":[{"href":"https:\/\/lesarcanesdelattelage.fr\/index.php\/wp-json\/wp\/v2\/pages"}],"about":[{"href":"https:\/\/lesarcanesdelattelage.fr\/index.php\/wp-json\/wp\/v2\/types\/page"}],"author":[{"embeddable":true,"href":"https:\/\/lesarcanesdelattelage.fr\/index.php\/wp-json\/wp\/v2\/users\/1"}],"replies":[{"embeddable":true,"href":"https:\/\/lesarcanesdelattelage.fr\/index.php\/wp-json\/wp\/v2\/comments?post=464"}],"version-history":[{"count":2,"href":"https:\/\/lesarcanesdelattelage.fr\/index.php\/wp-json\/wp\/v2\/pages\/464\/revisions"}],"predecessor-version":[{"id":474,"href":"https:\/\/lesarcanesdelattelage.fr\/index.php\/wp-json\/wp\/v2\/pages\/464\/revisions\/474"}],"wp:attachment":[{"href":"https:\/\/lesarcanesdelattelage.fr\/index.php\/wp-json\/wp\/v2\/media?parent=464"}],"curies":[{"name":"wp","href":"https:\/\/api.w.org\/{rel}","templated":true}]}}