{"id":329,"date":"2023-09-21T08:24:17","date_gmt":"2023-09-21T06:24:17","guid":{"rendered":"https:\/\/lesarcanesdelattelage.fr\/?page_id=329"},"modified":"2023-09-21T08:24:17","modified_gmt":"2023-09-21T06:24:17","slug":"defile-a-montrejeau-juillet-2022","status":"publish","type":"page","link":"https:\/\/lesarcanesdelattelage.fr\/index.php\/defile-a-montrejeau-juillet-2022\/","title":{"rendered":"D\u00e9fil\u00e9 \u00e0 Montr\u00e9jeau juillet 2022"},"content":{"rendered":"\n<p class=\"has-text-align-center\"><strong>La ville de\u00a0Montr\u00e9jeau a f\u00eat\u00e9 les 2 et 3 juillet 2022 son 750\u00e8me anniversaire.<\/strong><\/p>\n\n\n\n<p class=\"has-text-align-center\">Des d\u00e9fil\u00e9s en costumes d\u2019\u00e9poque, un march\u00e9 m\u00e9di\u00e9val, des parades musicales, un bal occitan\u2026 une multitude d\u2019animations se sont d\u00e9roul\u00e9es dans les rues et les places de Montr\u00e9jeau durant deux jours.<\/p>\n\n\n\n<p class=\"has-text-align-center\">Les attelages qui participaient \u00e0 l\u2019endurance attel\u00e9e organis\u00e9e par Jean Louis Cast\u00e9ra le dimanche, ont d\u00e9fil\u00e9 samedi dans les rues de la ville.<\/p>\n\n\n\n<figure class=\"wp-block-embed is-type-video is-provider-youtube wp-block-embed-youtube wp-embed-aspect-16-9 wp-has-aspect-ratio\"><div class=\"wp-block-embed__wrapper\">\n<iframe loading=\"lazy\" title=\"Montr\u00e9jeau 02 07 22\" width=\"960\" height=\"540\" src=\"https:\/\/www.youtube.com\/embed\/hVy37-gPA6c?feature=oembed\" frameborder=\"0\" allow=\"accelerometer; autoplay; clipboard-write; encrypted-media; gyroscope; picture-in-picture; web-share\" allowfullscreen><\/iframe>\n<\/div><\/figure>\n","protected":false},"excerpt":{"rendered":"<p>La ville de\u00a0Montr\u00e9jeau a f\u00eat\u00e9 les 2 et 3 juillet 2022 son 750\u00e8me anniversaire. Des d\u00e9fil\u00e9s en costumes d\u2019\u00e9poque, un march\u00e9 m\u00e9di\u00e9val, des parades musicales, un bal occitan\u2026 une multitude d\u2019animations se sont d\u00e9roul\u00e9es dans les rues et les places de Montr\u00e9jeau durant deux jours. Les attelages qui participaient \u00e0 l\u2019endurance attel\u00e9e organis\u00e9e par Jean Louis Cast\u00e9ra le dimanche, ont d\u00e9fil\u00e9 samedi dans les rues de la ville.<\/p>\n","protected":false},"author":1,"featured_media":0,"parent":0,"menu_order":0,"comment_status":"closed","ping_status":"closed","template":"","meta":{"footnotes":""},"class_list":["post-329","page","type-page","status-publish","hentry"],"_links":{"self":[{"href":"https:\/\/lesarcanesdelattelage.fr\/index.php\/wp-json\/wp\/v2\/pages\/329","targetHints":{"allow":["GET"]}}],"collection":[{"href":"https:\/\/lesarcanesdelattelage.fr\/index.php\/wp-json\/wp\/v2\/pages"}],"about":[{"href":"https:\/\/lesarcanesdelattelage.fr\/index.php\/wp-json\/wp\/v2\/types\/page"}],"author":[{"embeddable":true,"href":"https:\/\/lesarcanesdelattelage.fr\/index.php\/wp-json\/wp\/v2\/users\/1"}],"replies":[{"embeddable":true,"href":"https:\/\/lesarcanesdelattelage.fr\/index.php\/wp-json\/wp\/v2\/comments?post=329"}],"version-history":[{"count":1,"href":"https:\/\/lesarcanesdelattelage.fr\/index.php\/wp-json\/wp\/v2\/pages\/329\/revisions"}],"predecessor-version":[{"id":331,"href":"https:\/\/lesarcanesdelattelage.fr\/index.php\/wp-json\/wp\/v2\/pages\/329\/revisions\/331"}],"wp:attachment":[{"href":"https:\/\/lesarcanesdelattelage.fr\/index.php\/wp-json\/wp\/v2\/media?parent=329"}],"curies":[{"name":"wp","href":"https:\/\/api.w.org\/{rel}","templated":true}]}}

Défilé à Montréjeau juillet 2022

<p class="has-text-align-center"><strong>La ville de Montréjeau a fêté les 2 et 3 juillet 2022 son 750ème anniversaire.</strong></p>



<p class="has-text-align-center">Des défilés en costumes d’époque, un marché médiéval, des parades musicales, un bal occitan… une multitude d’animations se sont déroulées dans les rues et les places de Montréjeau durant deux jours.</p>



<p class="has-text-align-center">Les attelages qui participaient à l’endurance attelée organisée par Jean Louis Castéra le dimanche, ont défilé samedi dans les rues de la ville.</p>



<figure class="wp-block-embed is-type-video is-provider-youtube wp-block-embed-youtube wp-embed-aspect-16-9 wp-has-aspect-ratio"><div class="wp-block-embed__wrapper">
<iframe loading="lazy" title="Montréjeau 02 07 22" width="960" height="540" src="https://www.youtube.com/embed/hVy37-gPA6c?feature=oembed" frameborder="0" allow="accelerometer; autoplay; clipboard-write; encrypted-media; gyroscope; picture-in-picture; web-share" allowfullscreen></iframe>
</div></figure>

<p>La ville de Montréjeau a fêté les 2 et 3 juillet 2022 son 750ème anniversaire. Des défilés en costumes d’époque, un marché médiéval, des parades musicales, un bal occitan… une multitude d’animations se sont déroulées dans les rues et les places de Montréjeau durant deux jours. Les attelages qui participaient à l’endurance attelée organisée par Jean Louis Castéra le dimanche, ont défilé samedi dans les rues de la ville.</p>
