{"id":305,"date":"2023-09-21T07:30:46","date_gmt":"2023-09-21T05:30:46","guid":{"rendered":"https:\/\/lesarcanesdelattelage.fr\/?page_id=305"},"modified":"2023-09-21T07:31:52","modified_gmt":"2023-09-21T05:31:52","slug":"endurance-en-attelage-mai-2022","status":"publish","type":"page","link":"https:\/\/lesarcanesdelattelage.fr\/index.php\/endurance-en-attelage-mai-2022\/","title":{"rendered":"Endurance en attelage \u00e0 Chis mai 2022"},"content":{"rendered":"\n<p><strong>Apr\u00e8s deux ans d&rsquo;interruption pour cause de Covid, les concours d&rsquo;endurance reprennent.<\/strong><\/p>\n\n\n<div class=\"wp-block-image\">\n<figure class=\"aligncenter size-full\"><img loading=\"lazy\" decoding=\"async\" width=\"1024\" height=\"577\" src=\"https:\/\/lesarcanesdelattelage.fr\/wp-content\/uploads\/2023\/09\/andre-et-cathy.jpg\" alt=\"\" class=\"wp-image-306\" srcset=\"https:\/\/lesarcanesdelattelage.fr\/wp-content\/uploads\/2023\/09\/andre-et-cathy.jpg 1024w, https:\/\/lesarcanesdelattelage.fr\/wp-content\/uploads\/2023\/09\/andre-et-cathy-300x169.jpg 300w, https:\/\/lesarcanesdelattelage.fr\/wp-content\/uploads\/2023\/09\/andre-et-cathy-768x433.jpg 768w\" sizes=\"auto, (max-width: 1024px) 100vw, 1024px\" \/><figcaption class=\"wp-element-caption\"><strong>Premi\u00e8re sortie en paire pour Estelle fra\u00eechement d\u00e9bourr\u00e9e.<\/strong><\/figcaption><\/figure>\n<\/div>\n\n\n<p><\/p>\n\n\n<div class=\"wp-block-image\">\n<figure class=\"aligncenter size-large\"><img loading=\"lazy\" decoding=\"async\" width=\"392\" height=\"1024\" src=\"https:\/\/lesarcanesdelattelage.fr\/wp-content\/uploads\/2023\/09\/article-journal-392x1024.jpg\" alt=\"\" class=\"wp-image-307\" srcset=\"https:\/\/lesarcanesdelattelage.fr\/wp-content\/uploads\/2023\/09\/article-journal-392x1024.jpg 392w, https:\/\/lesarcanesdelattelage.fr\/wp-content\/uploads\/2023\/09\/article-journal-115x300.jpg 115w, https:\/\/lesarcanesdelattelage.fr\/wp-content\/uploads\/2023\/09\/article-journal-768x2006.jpg 768w, https:\/\/lesarcanesdelattelage.fr\/wp-content\/uploads\/2023\/09\/article-journal-588x1536.jpg 588w, https:\/\/lesarcanesdelattelage.fr\/wp-content\/uploads\/2023\/09\/article-journal-784x2048.jpg 784w, https:\/\/lesarcanesdelattelage.fr\/wp-content\/uploads\/2023\/09\/article-journal.jpg 811w\" sizes=\"auto, (max-width: 392px) 100vw, 392px\" \/><\/figure>\n<\/div>\n\n\n<p><\/p>\n\n\n\n<figure class=\"wp-block-embed is-type-video is-provider-youtube wp-block-embed-youtube wp-embed-aspect-16-9 wp-has-aspect-ratio\"><div class=\"wp-block-embed__wrapper\">\n<iframe loading=\"lazy\" title=\"Chis 8 mai22\" width=\"960\" height=\"540\" src=\"https:\/\/www.youtube.com\/embed\/Tq_7SBGCkms?feature=oembed\" frameborder=\"0\" allow=\"accelerometer; autoplay; clipboard-write; encrypted-media; gyroscope; picture-in-picture; web-share\" allowfullscreen><\/iframe>\n<\/div><\/figure>\n","protected":false},"excerpt":{"rendered":"<p>Apr\u00e8s deux ans d&rsquo;interruption pour cause de Covid, les concours d&rsquo;endurance reprennent.<\/p>\n","protected":false},"author":1,"featured_media":0,"parent":0,"menu_order":0,"comment_status":"closed","ping_status":"closed","template":"","meta":{"footnotes":""},"class_list":["post-305","page","type-page","status-publish","hentry"],"_links":{"self":[{"href":"https:\/\/lesarcanesdelattelage.fr\/index.php\/wp-json\/wp\/v2\/pages\/305","targetHints":{"allow":["GET"]}}],"collection":[{"href":"https:\/\/lesarcanesdelattelage.fr\/index.php\/wp-json\/wp\/v2\/pages"}],"about":[{"href":"https:\/\/lesarcanesdelattelage.fr\/index.php\/wp-json\/wp\/v2\/types\/page"}],"author":[{"embeddable":true,"href":"https:\/\/lesarcanesdelattelage.fr\/index.php\/wp-json\/wp\/v2\/users\/1"}],"replies":[{"embeddable":true,"href":"https:\/\/lesarcanesdelattelage.fr\/index.php\/wp-json\/wp\/v2\/comments?post=305"}],"version-history":[{"count":2,"href":"https:\/\/lesarcanesdelattelage.fr\/index.php\/wp-json\/wp\/v2\/pages\/305\/revisions"}],"predecessor-version":[{"id":310,"href":"https:\/\/lesarcanesdelattelage.fr\/index.php\/wp-json\/wp\/v2\/pages\/305\/revisions\/310"}],"wp:attachment":[{"href":"https:\/\/lesarcanesdelattelage.fr\/index.php\/wp-json\/wp\/v2\/media?parent=305"}],"curies":[{"name":"wp","href":"https:\/\/api.w.org\/{rel}","templated":true}]}}

Endurance en attelage à Chis mai 2022

<p><strong>Après deux ans d&rsquo;interruption pour cause de Covid, les concours d&rsquo;endurance reprennent.</strong></p>


<div class="wp-block-image">
<figure class="aligncenter size-full"><img loading="lazy" decoding="async" width="1024" height="577" src="https://lesarcanesdelattelage.fr/wp-content/uploads/2023/09/andre-et-cathy.jpg" alt="" class="wp-image-306" srcset="https://lesarcanesdelattelage.fr/wp-content/uploads/2023/09/andre-et-cathy.jpg 1024w, https://lesarcanesdelattelage.fr/wp-content/uploads/2023/09/andre-et-cathy-300x169.jpg 300w, https://lesarcanesdelattelage.fr/wp-content/uploads/2023/09/andre-et-cathy-768x433.jpg 768w" sizes="auto, (max-width: 1024px) 100vw, 1024px" /><figcaption class="wp-element-caption"><strong>Première sortie en paire pour Estelle fraîchement débourrée.</strong></figcaption></figure>
</div>


<p></p>


<div class="wp-block-image">
<figure class="aligncenter size-large"><img loading="lazy" decoding="async" width="392" height="1024" src="https://lesarcanesdelattelage.fr/wp-content/uploads/2023/09/article-journal-392x1024.jpg" alt="" class="wp-image-307" srcset="https://lesarcanesdelattelage.fr/wp-content/uploads/2023/09/article-journal-392x1024.jpg 392w, https://lesarcanesdelattelage.fr/wp-content/uploads/2023/09/article-journal-115x300.jpg 115w, https://lesarcanesdelattelage.fr/wp-content/uploads/2023/09/article-journal-768x2006.jpg 768w, https://lesarcanesdelattelage.fr/wp-content/uploads/2023/09/article-journal-588x1536.jpg 588w, https://lesarcanesdelattelage.fr/wp-content/uploads/2023/09/article-journal-784x2048.jpg 784w, https://lesarcanesdelattelage.fr/wp-content/uploads/2023/09/article-journal.jpg 811w" sizes="auto, (max-width: 392px) 100vw, 392px" /></figure>
</div>


<p></p>



<figure class="wp-block-embed is-type-video is-provider-youtube wp-block-embed-youtube wp-embed-aspect-16-9 wp-has-aspect-ratio"><div class="wp-block-embed__wrapper">
<iframe loading="lazy" title="Chis 8 mai22" width="960" height="540" src="https://www.youtube.com/embed/Tq_7SBGCkms?feature=oembed" frameborder="0" allow="accelerometer; autoplay; clipboard-write; encrypted-media; gyroscope; picture-in-picture; web-share" allowfullscreen></iframe>
</div></figure>

<p>Après deux ans d&rsquo;interruption pour cause de Covid, les concours d&rsquo;endurance reprennent.</p>
