{"id":2,"date":"2023-09-04T08:03:29","date_gmt":"2023-09-04T06:03:29","guid":{"rendered":"http:\/\/lesarcanesdelattelage.fr\/?page_id=2"},"modified":"2025-06-04T08:23:43","modified_gmt":"2025-06-04T06:23:43","slug":"page-d-exemple","status":"publish","type":"page","link":"https:\/\/lesarcanesdelattelage.fr\/","title":{"rendered":"Association \u00ab les Arcanes de l\u2019Attelage \u00bb"},"content":{"rendered":"\n<p class=\"has-text-align-center\"><strong>Si\u00e8ge social<\/strong><\/p>\n\n\n\n<p class=\"has-text-align-center\">Mairie de Fr\u00e9chou Fr\u00e9chet<\/p>\n\n\n\n<p class=\"has-text-align-center\">49 route de Barbazan Dessus 65190 Fr\u00e9chou Fr\u00e9chet<\/p>\n\n\n\n<p class=\"has-text-align-center\"> Enregistr\u00e9e en Pr\u00e9fecture :&nbsp;<strong>N\u00b0 0653005892<\/strong><\/p>\n\n\n\n<p class=\"has-text-align-center\">t\u00e9l : <strong>05 62 35 07 36<\/strong><\/p>\n\n\n<div class=\"wp-block-image\">\n<figure class=\"aligncenter size-medium\"><img loading=\"lazy\" decoding=\"async\" width=\"300\" height=\"266\" src=\"https:\/\/lesarcanesdelattelage.fr\/wp-content\/uploads\/2023\/09\/logo1-arcanes-coul-300x266.jpg\" alt=\"\" class=\"wp-image-31\" srcset=\"https:\/\/lesarcanesdelattelage.fr\/wp-content\/uploads\/2023\/09\/logo1-arcanes-coul-300x266.jpg 300w, https:\/\/lesarcanesdelattelage.fr\/wp-content\/uploads\/2023\/09\/logo1-arcanes-coul.jpg 500w\" sizes=\"auto, (max-width: 300px) 100vw, 300px\" \/><\/figure>\n<\/div>\n\n\n<p><\/p>\n\n\n\n<p><\/p>\n\n\n\n<p class=\"has-text-align-center\"><em>Date de mise \u00e0 jour du site :<\/em> 01 juin 2025<\/p>\n\n\n\n<p><\/p>\n","protected":false},"excerpt":{"rendered":"<p>Si\u00e8ge social Mairie de Fr\u00e9chou Fr\u00e9chet 49 route de Barbazan Dessus 65190 Fr\u00e9chou Fr\u00e9chet Enregistr\u00e9e en Pr\u00e9fecture :&nbsp;N\u00b0 0653005892 t\u00e9l : 05 62 35 07 36 Date de mise \u00e0 jour du site : 01 juin 2025<\/p>\n","protected":false},"author":1,"featured_media":0,"parent":0,"menu_order":0,"comment_status":"closed","ping_status":"open","template":"","meta":{"footnotes":""},"class_list":["post-2","page","type-page","status-publish","hentry"],"_links":{"self":[{"href":"https:\/\/lesarcanesdelattelage.fr\/index.php\/wp-json\/wp\/v2\/pages\/2","targetHints":{"allow":["GET"]}}],"collection":[{"href":"https:\/\/lesarcanesdelattelage.fr\/index.php\/wp-json\/wp\/v2\/pages"}],"about":[{"href":"https:\/\/lesarcanesdelattelage.fr\/index.php\/wp-json\/wp\/v2\/types\/page"}],"author":[{"embeddable":true,"href":"https:\/\/lesarcanesdelattelage.fr\/index.php\/wp-json\/wp\/v2\/users\/1"}],"replies":[{"embeddable":true,"href":"https:\/\/lesarcanesdelattelage.fr\/index.php\/wp-json\/wp\/v2\/comments?post=2"}],"version-history":[{"count":19,"href":"https:\/\/lesarcanesdelattelage.fr\/index.php\/wp-json\/wp\/v2\/pages\/2\/revisions"}],"predecessor-version":[{"id":689,"href":"https:\/\/lesarcanesdelattelage.fr\/index.php\/wp-json\/wp\/v2\/pages\/2\/revisions\/689"}],"wp:attachment":[{"href":"https:\/\/lesarcanesdelattelage.fr\/index.php\/wp-json\/wp\/v2\/media?parent=2"}],"curies":[{"name":"wp","href":"https:\/\/api.w.org\/{rel}","templated":true}]}}

<p class="has-text-align-center"><strong>Siège social</strong></p>



<p class="has-text-align-center">Mairie de Fréchou Fréchet</p>



<p class="has-text-align-center">49 route de Barbazan Dessus 65190 Fréchou Fréchet</p>



<p class="has-text-align-center"> Enregistrée en Préfecture :&nbsp;<strong>N° 0653005892</strong></p>



<p class="has-text-align-center">tél : <strong>05 62 35 07 36</strong></p>


<div class="wp-block-image">
<figure class="aligncenter size-medium"><img loading="lazy" decoding="async" width="300" height="266" src="https://lesarcanesdelattelage.fr/wp-content/uploads/2023/09/logo1-arcanes-coul-300x266.jpg" alt="" class="wp-image-31" srcset="https://lesarcanesdelattelage.fr/wp-content/uploads/2023/09/logo1-arcanes-coul-300x266.jpg 300w, https://lesarcanesdelattelage.fr/wp-content/uploads/2023/09/logo1-arcanes-coul.jpg 500w" sizes="auto, (max-width: 300px) 100vw, 300px" /></figure>
</div>


<p></p>



<p></p>



<p class="has-text-align-center"><em>Date de mise à jour du site :</em> 01 juin 2025</p>



<p></p>

<p>Siège social Mairie de Fréchou Fréchet 49 route de Barbazan Dessus 65190 Fréchou Fréchet Enregistrée en Préfecture :&nbsp;N° 0653005892 tél : 05 62 35 07 36 Date de mise à jour du site : 01 juin 2025</p>
